at is -36 - ((36 - 48) + -16)?
-8
What is the value of (1 - 0) + (-7 - ((-18 - -12) + 0))?
0
8 - -1 - (-1816 + 1844)
-19
What is -4 + 4 - -9 - 9 - -11?
11
7 + -43 + 13 + 8
-15
Calculate (-37 - -23 - -31) + -19.
-2
Evaluate -18 + 30 + -3 - 28.
-19
Calculate 36 - 23 - 1 - 2.
10
What is the value of -16 + (39 - 16) + 14?
21
What is -14 + (-19 - -20) + -13?
-26
Calculate -15 + -3 + (-6 + (-7 - -6) - -2).
-23
Calculate 0 - (16 - 2) - (1355 - 1386).
17
Calculate -1 + (1 + -8 - (68 + -78)) - 7.
-5
Evaluate 8 - 3 - ((6 - 8) + 2 + -8).
13
What is the value of -1 + -19 + -21 + 26?
-15
Calculate 1 + -9 + 19 + -6 - 9.
-4
What is -14 + 4 + 0 + -2 + (9 - 3)?
-6
Calculate 4 + -16 + -3 - (-14 + (27 - 17)).
-11
(2 - (-60 - -9)) + -37
16
Calculate 68 + -66 + -1 + 4 + (-22 - -3).
-14
What is 1 + 4 + -7 + 4 - (-9 + 3)?
8
What is -10 - (-23 + -5 + -3)?
21
What is the value of (2 - 5 - -1) + 26?
24
Evaluate -2 + (14 - 1) + (-13 - -7).
5
Calculate (3 - 5) + 10 + 7.
15
Evaluate 42 - 41 - ((6 - 8) + 21).
-18
Calculate (23 - (-35 - -96)) + 29.
-9
Calculate (-10 - (6 + -14)) + (-18 - (4 + -2)).
-22
What is the value of (3 - (2 - 2)) + (244 - 237)?
10
Calculate 10 + -28 + (-19 - -28).
-9
Evaluate (-1 - 2 - (48 - 42) - -17) + -25.
-17
Calculate 7 + (8 - 27) - (1 - 27).
14
(8 + -4 - -3) + (15 - 29)
-7
-1 + 1 - (-7 + 14 + -2) - 7
-12
What is 25 + -3 + -9 + -11 + -16?
-14
(7 - (2 + -4 + 0)) + -7
2
-28 + 18 - (-8 + 0)
-2
Calculate (-5 - -16) + -4 + (0 - -2).
9
What is the value of (23 - 23 - -13) + (-2 - -3)?
14
Evaluate 0 - 5 - (-1 + -5 - (-19 - -8)).
-10
Evaluate 14 + -29 + (-3 - -13).
-5
What is 19 - -4 - (-3 + (8 - (-1 - 0)))?
17
Evaluate 27 - ((3 - -1) + 29).
-6
Evaluate (-5 - (-10 + (20 - 4))) + 17.
6
(3 - (-24 - -20)) + -15
-8
What is -18 + 20 + -12 - -17?
7
(-28 - (-8 - 42)) + -31
-9
Evaluate -125 - -161 - (30 + -5).
11
(-39 - -40) + (-23 - (-6 - -11)) + 4
-23
What is the value of (-35 - -10) + 0 + 13 + 3?
-9
Calculate (-7 - (-5 - -12 - 9) - -4) + 5.
4
Evaluate -1 + 21 + 208 + -214.
14
Calculate (-30 - -22) + 20 + -3 - (-6 - -3).
12
Calculate 12 - (8 - -4) - -16.
16
Evaluate (25 - (-8 - -3)) + (-11 - (-11 - -7)).
23
What is 2 + -4 - (1 + -4) - (-180 + 185)?
-4
What is the value of -1 - (10 - 5 - (20 - 14))?
0
What is (10 - 7) + 0 - -1 - 7 - -2?
-1
What is the value of -10 - -1 - (355 + -360 + 2 + -1)?
-5
What is -14 + (4 - 0) + (198 - 183)?
5
-2 + 8 - (-15 + 11 + -7)
17
What is 15 + 7 + 19 + -10 + -61?
-30
What is -10 + (16 - -7) - (-2 + (2 - -1))?
12
Evaluate (15 - (-2 + -1 - -2)) + -314 + 314.
16
Calculate -7 - (-20 + 8 - -5) - 1.
-1
What is (-8 + 10 - -22) + -43?
-19
What is (3 - 4 - 4 - 0) + -4?
-9
Calculate 13 - ((1 - -23) + (59 - 48)).
-22
What is the value of -16 - (-17 - 8) - (1 - (0 + -1))?
7
Evaluate 1 - (-11 - (1 - 2)).
11
Evaluate 1 + (-2 - 0) + 5 + -38 + 51.
17
What is the value of (5 - (11 + (-3 - 2))) + -6 + 0?
-7
Calculate -27 + 3 + (-8 - -10).
-22
What is 7 - (9 + 0 + -2)?
0
Calculate (13 - 19 - 38) + 35.
-9
What is the value of -36 - (-15 + -46 + 36)?
-11
Calculate -18 - 1 - (-2 - (14 - 12)).
-15
Evaluate -114 + 104 - (-10 + 2).
-2
Evaluate -15 + 15 + (-8 - (-1 + 0)).
-7
Calculate 5 - (-11 + 15 - 9).
10
What is 273 - 266 - (9 + 0 + 2)?
-4
Calculate (2 - 1) + (-27 - -44).
18
What is 11 - 5 - -15 - 14?
7
(78 - 50) + -11 + -46
-29
-6 - (6 + (-19 - -11))
-4
What is the value of 8 + (-47 - (-33 + 0))?
-6
What is (-31 - (46 - 57)) + (0 - -6)?
-14
What is the value of 52 + -17 - 16 - (-8 + 6)?
21
What is the value of 2 + (-19 - (-1 + (-3 + 4 - 5)))?
-12
What is the value of 16 + 8 + -16 - (-9 - -33)?
-16
Calculate (1 - 10) + (12 - -21) + -3.
21
What is the value of (-28 - (-18 + 6)) + 7?
-9
Calculate (5 - 2) + -1 + -6 + 15 + -1.
10
Calculate (-83 - (-1 + -22)) + 35.
-25
What is the value of 10 + (-3 - 0) - 6 - 8 - -21?
14
What is -7 - (-7 + (-7 - -14) + (-10 - -10))?
-7
Calculate 77 + -52 + -9 + -1 + -38.
-23
Evaluate 0 + -7 + (4 - -2) + -24.
-25
23 - (-7 + 19 + 26)
-15
Calculate 1 - -3 - (-5 - (-3 - -4)).
10
Evaluate -1 - 0 - (19 + 16 + -31).
-5
What is the value of -3 + -8 + 19 + -8 + 0?
0
What is the value of -16 - (-25 - (-20 - -9)) - (28 - 1)?
-29
What is the value of -4 - -17 - 18 - 6?
-11
What is the value of 11 + -1 + 1 + -5 + 40 + -43?
3
What is the value of (1 + -2 - 4) + -5 + 0?
-10
What is the value of -22 - -3 - (-20 + 11)?
-10
Calculate 616 + -572 - (32 + -2).
14
Calculate -4 + (3 - 1) - (60 + -34 - 43).
15
Evaluate -3813 + 3785 - (-1 - 2 - -1).
-26
-10 + (4 - (-5 - (-8 - 0)))
-9
Evaluate (-6 + 3 - 2) + (-9 - -22).
8
What is -6 + -1 + -6 + 3?
-10
What is ((-7 - -7) + 10 - (-2 + 6)) + -9?
-3
Calculate (10 - (-2 + 23)) + 20 - -5.
14
Calculate (2 + 6 - (-294 - -296)) + -43 + 1.
-36
Calculate (-16 + 17 + -19 - -15) + 9.
6
20 + (6 - 0 - (2 + (36 - 28)))
16
Evaluate 1 - (12 - 22 - (-4 - -10)).
17
What is -9 - (23 + 11 + -14 + -9 - 3)?
-17
What is the value of (-1 - 1 - (345 - 344)) + 25?
22
Calculate (5 - 2 - -3) + 4 + -2 + 1.
9
Evaluate 0 - 24 - (-16 - 11).
3
Calculate (0 - 37) + -275 + 295.
-17
(-112 - -87) + (10 - (-3 - -4))
-16
Calculate (11 - (4 - -9) - 13) + 4.
-11
Calculate -2 + 10 + -2 - (10 - 7 - 5).
8
What is the value of -5 - 28 - -6 - -12?
-15
What is the value of 5 + 0 + 0 + (-8 + 12 - -3)?
12
Evaluate (-12 - (27 + -12)) + 60.
33
What is the value of (-13 - (8 - 13)) + 3?
-5
26 + -28 - (12 - (3 + -8))
-19
(-2 - -41) + -2 + (72 + -11 - 70)
28
What is -6 + (2 - -2 - (-12 - -11)) - -11?
10
What is -18 - (-45 + 25) - (-1 - 11)?
14
(35 - (4 + 38)) + (-5 - -1)
-11
What is the value of 18 + (15 - 23) - 27?
-17
10 + -1 + 2 + -13 + 2 + -25
-25
Calculate (4 - (-5 + 16 - 8 - -5)) + -2.
-6
Evaluate (-7 - (-6 - -2)) + 10 + 0 + 3.
10
What is the value of 9 - (6 + -6 - (-25 - 5))?
-21
-1 - (-46 + 14 + 12)
19
Calculate -118 + 115 + (0 - (-21 - -1)) + -1.
16
(-1 - 8) + 9 + 12 + (-4 - -3)
11
Calculate -17 + (2 - (-3 + -5)) + -6.
-13
What is -4 - (-1 - (15 + -11 + 1))?
2
What is the value of (0 + 13 - 12) + -9?
-8
(7 - 17) + 5 + -1
-6
(19 - -8) + 1 + (-15 - -7)
20
Evaluate (9 - -8 - 20) + 7.
4
What is the value of -8 + (14 + -10 - 0) + 20?
16
Evaluate -3 + (2 - 3) + 11 + -9 - -5.
3
What is the value of -18 - (-6 + 3) - (-88 - -62)?
11
Calculate -6 + 15 - 3 - (-3 + 38).
-29
-15 - -1 - (359 - 349)
-24
What is the value of 10 + (17 - 4) - 19?
4
Evaluate (5 - (2 + 5 - -6)) + 17 + -26.
-17
Evaluate 14 - (-1 - (20 - 5 - 21)).
9
What is the value of (10 - -2) + -15 + 2 + -11 + -3?
-15
What is the value of -11 - (11 - (17 + -10 + 2))?
-13
What is the value of -12 + -53 + 43 - -13?
-9
Evaluate (1 - (1 - -1)) + 914 + -924.
-11
What is 2 + (52 - 41) - (-1 + -6)?
20
(7 - 1) + (-11 - 7) + 11
-1
Evaluate (-9 + 7 + 4 - 1) + -3.
-2
What is the value of -5 + 1 + (3 - (8 + -14) - -11)?
16
What is -34 + (1 - 24 - -63)?
6
What is -14 - (-146 + 149 - (1 + 6))?
-10
-52 + 47 - (5 - -1)
-11
Evaluate -6 - (39 - 3) - -32.
-10
What is -26 - (-5 + -8 + -9)?
-4
Evaluate (-17 - -6) + 13 + -11.
-9
0 + 29 - 15 - (-3 + 3 + -8)
22
Evaluate 0 + -5 + (-14 - ((-3 - 6) + 2)).
-12
Calculate (-1 - -3) + (-23 - -3).
-18
-452 - -448 - (0 + 2 - 14)
8
What is -8 - ((-1 - (-14 + -3)) + (-15 - -6))?
-15
Evaluate (5 - (11 + 6)) + (-10 - -16).
-6
What is the value of -7 + (7 - (15 + 0 + -7)) - 4?
-12
What is the value of (-1 - 2 - (-4 - 2) - 7) + 17?
13
What is the value of -3 + (-1 - (-17 + (-1 - (7 - 3))))?
18
Calculate -5 - -10 - 10 - ((-12 - -3) + -4).
8
What is 22 - (29 + -26 + 13)?
6
Calculate -14 - (-37 - (-14 - -1)).
10
Calculate -10 + -11 + -8 + 28 + 3.
2
Evaluate 7 - (7 + 6 + -2 + -4).
0
Evaluate (1 - -2) + (-6 - 7) + 7.
-3
Evaluate 1 + -9 - (-12 - ((14 - 19) + -9)).
-10
What is -7 + ((-16 - -14) + (-1 - 2) - -1)?
-11
What is (-31 + 7 - (14 + -25)) + 3?
-10
Evaluate (9 + -5 - (-6 + 8)) + 2 + -15.
-11
-7 + 14 + -6 + (-5 - -6)
2
What is -11 - (-5 - 8) - (-3 + -6)?
11
Calculate 7 + (-2 - -7 - 3).
9
6 + (7 + -2 - 2) + -1
8
Evaluate 105 + -107 + 1 + 0.
-1
Calculate 31 + 1 + -34 + 18 + 13.
29
What is the value of -2 - (-34 - (-2 + -15))?
15
Evaluate 5 - (0 + 1 + (19 - 31 - -25)).
-9
What is -23 - (1 - (0 + 6))?
-18
Calculate 18 - (-19 + 13 + 14).
10
Calculate 31 + -55 + (3 - (-4 + 3)).
-20
14 + 1 - (-42 + (74 - 35))
18
What is the value of (16 + -42 + 13 - (-10 + 4)) + 10?
3
17 - (3 + (-9 - -3